{"id":1882,"date":"2023-02-13T14:00:46","date_gmt":"2023-02-13T17:00:46","guid":{"rendered":"https:\/\/qtotal.com.br\/?page_id=1882"},"modified":"2023-03-13T18:27:29","modified_gmt":"2023-03-13T21:27:29","slug":"release-de-resultado-analise-do-desempenho-financeiro","status":"publish","type":"page","link":"https:\/\/qtotal.com.br\/index.php\/release-de-resultado-analise-do-desempenho-financeiro\/","title":{"rendered":"AN\u00c1LISE DE EMPRESA (RELEASE DE RESULTADOS)"},"content":{"rendered":"\t\t<div data-elementor-type=\"wp-page\" data-elementor-id=\"1882\" class=\"elementor elementor-1882\">\n\t\t\t\t\t\t\t\t\t<section class=\"elementor-section elementor-top-section elementor-element elementor-element-88807b6 elementor-section-boxed elementor-section-height-default elementor-section-height-default\" data-id=\"88807b6\" data-element_type=\"section\">\n\t\t\t\t\t\t<div class=\"elementor-container elementor-column-gap-default\">\n\t\t\t\t\t<div class=\"elementor-column elementor-col-50 elementor-top-column elementor-element elementor-element-4e2f3b7\" data-id=\"4e2f3b7\" data-element_type=\"column\">\n\t\t\t<div class=\"elementor-widget-wrap elementor-element-populated\">\n\t\t\t\t\t\t\t\t<div class=\"elementor-element elementor-element-774cac13 elementor-widget elementor-widget-text-editor\" data-id=\"774cac13\" data-element_type=\"widget\" data-widget_type=\"text-editor.default\">\n\t\t\t\t<div class=\"elementor-widget-container\">\n\t\t\t<style>\/*! elementor - v3.10.2 - 29-01-2023 *\/\n.elementor-widget-text-editor.elementor-drop-cap-view-stacked .elementor-drop-cap{background-color:#818a91;color:#fff}.elementor-widget-text-editor.elementor-drop-cap-view-framed .elementor-drop-cap{color:#818a91;border:3px solid;background-color:transparent}.elementor-widget-text-editor:not(.elementor-drop-cap-view-default) .elementor-drop-cap{margin-top:8px}.elementor-widget-text-editor:not(.elementor-drop-cap-view-default) .elementor-drop-cap-letter{width:1em;height:1em}.elementor-widget-text-editor .elementor-drop-cap{float:left;text-align:center;line-height:1;font-size:50px}.elementor-widget-text-editor .elementor-drop-cap-letter{display:inline-block}<\/style>\t\t\t\t<p><!-- wp:paragraph --><\/p>\n<p style=\"text-align: justify;\">Pr\u00e1tica de governan\u00e7a, difundida pelas empresas S\/As, com o prop\u00f3sito de facilitar o acesso \u00e0\u00a0informa\u00e7\u00e3o pelos acionistas da atual situa\u00e7\u00e3o econ\u00f4mica e financeira da empresa, bem como as\u00a0perspectivas de ela alcan\u00e7ar resultados consistentes no curto e longo prazo.<\/p>\n<p style=\"text-align: justify;\">O relat\u00f3rio de an\u00e1lise de empresa \u00e9 elaborado com base na an\u00e1lise conjunta das demonstra\u00e7\u00f5es\u00a0financeiras: Balan\u00e7o Patrimonial (BP), Demonstra\u00e7\u00e3o de Resultado (DRE) e Demonstra\u00e7\u00e3o de\u00a0Fluxo de Caixa (DFC).<\/p>\n<p style=\"text-align: justify;\">Esses relat\u00f3rios formam um trio essencial, que interage entre si, para gerar informa\u00e7\u00f5es\u00a0econ\u00f4micas e financeiras indispens\u00e1veis para a tomada de decis\u00e3o dos administradores\u00a0executivos.<\/p>\n<p style=\"text-align: justify;\"><!-- \/wp:paragraph --><\/p>\n<p style=\"text-align: justify;\"><!-- wp:image {\"id\":1883,\"sizeSlug\":\"full\",\"linkDestination\":\"none\"} --><\/p>\n<figure style=\"text-align: justify;\"><img decoding=\"async\" src=\"https:\/\/qtotal.com.br\/wp-content\/uploads\/2023\/02\/Imagem1.png\" alt=\"\" \/><span style=\"color: var( --e-global-color-text ); font-family: var( --e-global-typography-text-font-family ), Sans-serif; font-weight: var( --e-global-typography-text-font-weight ); font-size: 0.875rem;\"><div style='text-align:right'>Fonte: Livro Gest\u00e3o Financeira editado pela da Qtotal (2021, p. 89)<\/div><\/span><\/figure>\n<p style=\"text-align: justify;\"><!-- \/wp:image --><\/p>\n<p style=\"text-align: justify;\"><!-- wp:paragraph --><\/p>\n<p style=\"text-align: justify;\">O relat\u00f3rio se concentra em informa\u00e7\u00f5es relevantes que demonstram a consist\u00eancia dos\u00a0<span style=\"color: var( --e-global-color-text ); font-family: var( --e-global-typography-text-font-family ), Sans-serif; font-weight: var( --e-global-typography-text-font-weight ); font-size: 0.875rem;\">resultados, bem como os riscos que a empresa pode estar exposta em fun\u00e7\u00e3o do desempenho\u00a0<\/span><span style=\"color: var( --e-global-color-text ); font-family: var( --e-global-typography-text-font-family ), Sans-serif; font-weight: var( --e-global-typography-text-font-weight ); font-size: 0.875rem;\">que vem obtendo. Aspectos como: an\u00e1lise de perfil; vendas; margem bruta, operacional e\u00a0<\/span><span style=\"color: var( --e-global-color-text ); font-family: var( --e-global-typography-text-font-family ), Sans-serif; font-weight: var( --e-global-typography-text-font-weight ); font-size: 0.875rem;\">l\u00edquida; gera\u00e7\u00e3o de caixa; lucratividade; rentabilidade; liquidez; estrutura de capital entre outras\u00a0<\/span><span style=\"color: var( --e-global-color-text ); font-family: var( --e-global-typography-text-font-family ), Sans-serif; font-weight: var( --e-global-typography-text-font-weight ); font-size: 0.875rem;\">an\u00e1lises comparativas e de tend\u00eancias.<\/span><\/p>\n<p><!-- \/wp:paragraph --><\/p>\t\t\t\t\t\t<\/div>\n\t\t\t\t<\/div>\n\t\t\t\t\t<\/div>\n\t\t<\/div>\n\t\t\t\t<div class=\"elementor-column elementor-col-50 elementor-top-column elementor-element elementor-element-fa54062\" data-id=\"fa54062\" data-element_type=\"column\">\n\t\t\t<div class=\"elementor-widget-wrap elementor-element-populated\">\n\t\t\t\t\t\t\t\t<div class=\"elementor-element elementor-element-a4a817f elementor-align-justify elementor-widget elementor-widget-button\" data-id=\"a4a817f\" data-element_type=\"widget\" data-widget_type=\"button.default\">\n\t\t\t\t<div class=\"elementor-widget-container\">\n\t\t\t\t\t<div class=\"elementor-button-wrapper\">\n\t\t\t<a href=\"https:\/\/qtotal.com.br\/index.php\/#servico1\" class=\"elementor-button-link elementor-button elementor-size-sm\" role=\"button\">\n\t\t\t\t\t\t<span class=\"elementor-button-content-wrapper\">\n\t\t\t\t\t\t\t<span class=\"elementor-button-icon elementor-align-icon-left\">\n\t\t\t\t<i aria-hidden=\"true\" class=\"far fa-arrow-alt-circle-left\"><\/i>\t\t\t<\/span>\n\t\t\t\t\t\t<span class=\"elementor-button-text\">Voltar<\/span>\n\t\t<\/span>\n\t\t\t\t\t<\/a>\n\t\t<\/div>\n\t\t\t\t<\/div>\n\t\t\t\t<\/div>\n\t\t\t\t<div class=\"elementor-element elementor-element-9fa1f82 elementor-widget elementor-widget-image\" data-id=\"9fa1f82\" data-element_type=\"widget\" data-widget_type=\"image.default\">\n\t\t\t\t<div class=\"elementor-widget-container\">\n\t\t\t<style>\/*! elementor - v3.10.2 - 29-01-2023 *\/\n.elementor-widget-image{text-align:center}.elementor-widget-image a{display:inline-block}.elementor-widget-image a img[src$=\".svg\"]{width:48px}.elementor-widget-image img{vertical-align:middle;display:inline-block}<\/style>\t\t\t\t\t\t\t\t\t\t\t\t<img decoding=\"async\" width=\"800\" height=\"531\" src=\"https:\/\/qtotal.com.br\/wp-content\/uploads\/2023\/01\/mentoria-financeira-1024x680-1.jpg\" class=\"attachment-large size-large wp-image-1549\" alt=\"\" loading=\"lazy\" srcset=\"https:\/\/qtotal.com.br\/wp-content\/uploads\/2023\/01\/mentoria-financeira-1024x680-1.jpg 1024w, https:\/\/qtotal.com.br\/wp-content\/uploads\/2023\/01\/mentoria-financeira-1024x680-1-600x398.jpg 600w, https:\/\/qtotal.com.br\/wp-content\/uploads\/2023\/01\/mentoria-financeira-1024x680-1-300x199.jpg 300w, https:\/\/qtotal.com.br\/wp-content\/uploads\/2023\/01\/mentoria-financeira-1024x680-1-768x510.jpg 768w\" sizes=\"(max-width: 800px) 100vw, 800px\" \/>\t\t\t\t\t\t\t\t\t\t\t\t\t\t\t<\/div>\n\t\t\t\t<\/div>\n\t\t\t\t<div class=\"elementor-element elementor-element-61a9d18 elementor-align-justify elementor-widget elementor-widget-button\" data-id=\"61a9d18\" data-element_type=\"widget\" data-widget_type=\"button.default\">\n\t\t\t\t<div class=\"elementor-widget-container\">\n\t\t\t\t\t<div class=\"elementor-button-wrapper\">\n\t\t\t<a href=\"#colophon\" class=\"elementor-button-link elementor-button elementor-size-sm\" role=\"button\">\n\t\t\t\t\t\t<span class=\"elementor-button-content-wrapper\">\n\t\t\t\t\t\t\t<span class=\"elementor-button-icon elementor-align-icon-left\">\n\t\t\t\t<i aria-hidden=\"true\" class=\"far fa-arrow-alt-circle-down\"><\/i>\t\t\t<\/span>\n\t\t\t\t\t\t<span class=\"elementor-button-text\">Fale Conosco<\/span>\n\t\t<\/span>\n\t\t\t\t\t<\/a>\n\t\t<\/div>\n\t\t\t\t<\/div>\n\t\t\t\t<\/div>\n\t\t\t\t\t<\/div>\n\t\t<\/div>\n\t\t\t\t\t\t\t<\/div>\n\t\t<\/section>\n\t\t\t\t\t\t\t<\/div>\n\t\t","protected":false},"excerpt":{"rendered":"<p>Pr\u00e1tica de governan\u00e7a, difundida pelas empresas S\/As, com o prop\u00f3sito de facilitar o acesso \u00e0\u00a0informa\u00e7\u00e3o pelos acionistas da atual situa\u00e7\u00e3o econ\u00f4mica e financeira da empresa, bem como as\u00a0perspectivas de ela &#8230;<\/p>\n","protected":false},"author":1,"featured_media":0,"parent":0,"menu_order":0,"comment_status":"closed","ping_status":"closed","template":"","meta":[],"_links":{"self":[{"href":"https:\/\/qtotal.com.br\/index.php\/wp-json\/wp\/v2\/pages\/1882"}],"collection":[{"href":"https:\/\/qtotal.com.br\/index.php\/wp-json\/wp\/v2\/pages"}],"about":[{"href":"https:\/\/qtotal.com.br\/index.php\/wp-json\/wp\/v2\/types\/page"}],"author":[{"embeddable":true,"href":"https:\/\/qtotal.com.br\/index.php\/wp-json\/wp\/v2\/users\/1"}],"replies":[{"embeddable":true,"href":"https:\/\/qtotal.com.br\/index.php\/wp-json\/wp\/v2\/comments?post=1882"}],"version-history":[{"count":18,"href":"https:\/\/qtotal.com.br\/index.php\/wp-json\/wp\/v2\/pages\/1882\/revisions"}],"predecessor-version":[{"id":2259,"href":"https:\/\/qtotal.com.br\/index.php\/wp-json\/wp\/v2\/pages\/1882\/revisions\/2259"}],"wp:attachment":[{"href":"https:\/\/qtotal.com.br\/index.php\/wp-json\/wp\/v2\/media?parent=1882"}],"curies":[{"name":"wp","href":"https:\/\/api.w.org\/{rel}","templated":true}]}}